42 + 1172677. Is a composite?
False
Let i = 227 - 221. Is (-7)/(7/(-173)) + i a prime number?
True
Let h = 198143 + -117880. Is h a composite number?
False
Let g = -3507 - -2069. Let y = g + 2697. Is y prime?
True
Let t(s) = 2*s**2 + 3*s**2 + 5*s**3 + 16*s**3 - 4*s**2. Let g be t(-1). Let q(i) = -i**2 - 24*i - 3. Is q(g) a prime number?
False
Suppose 5*d = 5*v - 612175, -4*v + 7*d + 489712 = 10*d. Is v prime?
False
Suppose 0 = -6*r - 1 + 31. Suppose -2*k - 16 = r*p, k + 32 = -3*k - 2*p. Is (-58)/k*(-4 - -2)*-22 composite?
True
Let z = 313657 + 149170. Is z a prime number?
True
Suppose 2*z - 8 = 0, -472*l = -469*l + 2*z - 207389. Is l prime?
True
Let p = -4631 + 7807. Suppose -2*w = -17 + 11. Suppose -3*v = -2*k - w*k - 1887, 0 = -5*v - 2*k + p. Is v prime?
False
Let c = 390044 + -272533. Is c prime?
True
Let y = 88534 - 28857. Is y a prime number?
False
Let g(t) = 10*t**2 + 50*t - 5413. Is g(74) a composite number?
False
Let z(u) = u**3 - 9*u**2 + 4*u + 32. Let y be z(8). Suppose -3*w = -d + 7003, -w - w - 4 = y. Is d a composite number?
False
Let a(b) = -14*b**2 - 16*b + 2. Let k(z) = -9*z**2 - 11*z + 1. Let i(t) = -5*a(t) + 8*k(t). Let o be i(-3). Suppose o*c - 377 = 3*c. Is c composite?
True
Suppose 207*v - 211981 = 196*v. Is v composite?
True
Suppose -648018 = -4*j - 21*l + 19*l, 3*l = 5*j - 810050. Is j composite?
False
Suppose -76*n + 4 = -72*n. Suppose 40 = 4*j + 4*a, -4*j + 5 = -5*a + n. Is 2*j/4 + -2 + 1180 composite?
False
Suppose 0 = 96*u - 100*u + 5*y + 1338111, 0 = -2*u + 4*y + 669054. Is u prime?
False
Let n(a) = -26692*a + 161. Is n(-5) a prime number?
False
Suppose 142*k - 257*k + 194*k - 32604643 = 0. Is k a prime number?
True
Let y be (1*-5)/(4/(-4)*-1). Let j be (y/((-15)/(-12)))/((-10)/20). Suppose -16*c = -j*c - 656. Is c composite?
True
Is 15/((-1215)/18) + 213146*15/54 a prime number?
True
Let c(n) be the second derivative of -n**3/2 - 25*n**2/2 + 20*n. Let q be c(-9). Suppose 0 = -5*l - 6*j + q*j + 2797, 1099 = 2*l - 5*j. Is l prime?
True
Suppose -5*o - 2*b = -84, -4*o + 43 + 31 = 5*b. Let a be ((-8)/o)/((-1)/10). Suppose 0 = -a*v + l + 725, -5*l + 64 = -5*v + 789. Is v a composite number?
True
Let l be ((-4)/5*-1)/(4/(-110)). Is 4/l + (71854/11 - -3) composite?
True
Let f = -19 + 19. Suppose f = z - 183 - 666. Let q = z + -596. Is q composite?
True
Suppose -59*a - 97439274 = -221*a. Is a a composite number?
True
Suppose -3*g - 18 = -3*j, 3*g = -g + 3*j - 28. Let q be ((-14)/6 - -3)/(g/15). Is 1188 - 1/((-2)/(-1 + q)) prime?
True
Let g(v) = 56741*v**2 - 15*v - 15. Is g(-1) prime?
False
Let r(o) = 3*o + 22. Let d be r(11). Let t = -50 + d. Is 17496/t - (-14)/(-70) a composite number?
False
Let v(j) = -666*j + 205. Is v(-26) prime?
False
Let y be 2/(-11) + (-4)/(-22). Is ((-2)/(4 + y))/((-5)/42830) composite?
False
Suppose 3*g = 3*n + 6, 12 = g + 3*g - 2*n. Suppose -g*t = 27*i - 23*i - 10308, 7735 = 3*i + 2*t. Is i a prime number?
False
Suppose -53*z = -1511154 - 172603. Is z prime?
True
Is ((-985930)/(-330))/(2/78) a prime number?
False
Let s(q) be the first derivative of -61*q**3/6 + 13*q**2 + 9*q - 3. Let a(i) be the first derivative of s(i). Is a(-15) composite?
False
Suppose -76*f = -91*f + 2217795. Is f prime?
True
Let g(r) = r**2 + 20*r + 77. Let b be g(-11). Is (-11)/b*3*17852/6 a prime number?
True
Suppose -6*w + 1214 = 242. Let q be (-7)/(-9) - (-36)/w. Is (4 + -3 + 122)/q composite?
True
Suppose 5*p + 4*p - 54 = 0. Let s(g) = 50*g + 47. Is s(p) composite?
False
Suppose 858*z = 4*k + 861*z - 3955402, -2*z + 4 = 0. Is k prime?
True
Let f = 86061 - 46664. Is f a prime number?
True
Suppose 3*j - 10249 = -5*m, -5*m + 6142 = 2*j - 4099. Is m a composite number?
True
Let y = -7674 + 60276. Suppose -7*z = 15*z - y. Is z prime?
False
Let f(b) = 98*b**3 + 2*b**2 + 9*b + 1. Let q(n) = -10*n + 1967 - 2*n**2 - 31*n**3 - 68*n**3 - 1969. Let w(j) = 7*f(j) + 6*q(j). Is w(2) prime?
False
Let y = -230 + 224. Is (1/(-1) - -2538) + y prime?
True
Let y(f) = 266*f**3 + 20*f**2 - 404*f - 27. Is y(14) prime?
False
Suppose -430934 = -11*m + 11849. Is m a prime number?
True
Let f be (-2 - (3 + -13)) + 1. Suppose -3*y + 3 = 3*l, 3*l - y = -l + f. Suppose 0 = 3*n - l*n + 5*g - 2733, 2*g - 4 = 0. Is n prime?
False
Let f = 4 - 2. Suppose 0 = f*s - s + 1. Is (2 - s)*(-390)/(-18) a prime number?
False
Let q(i) = -538*i - 815. Is q(-36) a composite number?
False
Let m(i) = -8*i**2 - 9*i - 8. Let r be m(-5). Is (-58)/(-145) - r/5 a composite number?
True
Let m(q) = q**3 - 2*q**2 - 3*q + 10497. Let b(p) = -3*p**3 + 5*p**2 + 5*p - 20993. Let r(d) = 2*b(d) + 5*m(d). Is r(0) prime?
True
Let b be ((-6566)/21)/(6/(-180)). Suppose -5*q + 5*d + b = -0*q, 5*q + 3*d - 9364 = 0. Is q a composite number?
True
Is 12/(-54) - 1977405/(-27) a prime number?
True
Let m(y) = -72*y**3 + 12*y**2 - 37*y - 93. Is m(-20) a composite number?
False
Let j(p) = 98*p**2 - 15*p - 9. Let h be ((-152)/36 - -4) + (-222)/(-27). Is j(h) a prime number?
True
Let s = 88990 + 63181. Is s prime?
False
Let g(h) = 118 + 114 - 12 - 1729*h. Is g(-29) composite?
True
Let j(o) = 20*o**2 - 906*o + 131. Is j(57) prime?
True
Let a be (10/(-4))/(30/(-72)). Suppose -12209 = -a*k - 1991. Is k prime?
False
Let h(f) = 534*f + 6. Let x(k) = -1. Let v(y) = h(y) - x(y). Let b be v(2). Let j = b - -682. Is j composite?
True
Let y(g) = 34*g**2 - 38*g - 21. Let t(k) = 101*k**2 - 116*k - 62. Let f(j) = -2*t(j) + 7*y(j). Is f(-12) prime?
True
Let a = 71 + -69. Suppose -g = -4*c + 1127, -3397 = 3*g - 2*c - a*c. Let w = 2394 + g. Is w prime?
True
Let c = -14 + 24. Let i(h) = -4*h**2 + 2. Let l(s) = 63*s**2 - 7. Let f(d) = 3*i(d) + l(d). Is f(c) a composite number?
False
Let i(v) = -5 + v**2 - 3*v**2 + 12 - 6 + 2371*v**3. Let u be i(2). Suppose u + 4609 = 10*k. Is k composite?
False
Let f(c) = 31*c**3 - 2*c**2 - 4*c - 5. Let o(d) = -2*d - 14. Let z be o(-9). Is f(z) a composite number?
False
Let c = 2 - -18. Suppose 6*u - 4*i = 2*u - 8, 0 = 4*u - i + c. Let h(t) = 8*t**2 - 8*t - 29. Is h(u) a composite number?
False
Let v be -77 + 5 + 3 + -2. Let z = 77 + v. Suppose 36695 = z*f - 25651. Is f prime?
True
Suppose -2*i = 4 - 10. Suppose -11331 = -12*p + i*p. Is p a prime number?
True
Let w = 305004 + -135673. Is w prime?
False
Let v(f) = -f**3 - 12*f**2 + 16*f + 68. Let l be v(-13). Suppose -13112 = 21*a - l*a. Is a a composite number?
True
Let y(m) = -28559*m**3 - 6*m**2 + 6*m + 8. Is y(-1) composite?
True
Let v(q) = 438220*q**2 - 438138*q**2 - 18*q - 19 - 16*q. Is v(-13) a prime number?
True
Suppose 12*k = 9*k + 54. Let j(u) = 107*u + 43. Is j(k) a prime number?
False
Suppose -226*j + 39176466 = 6058652. Is j a composite number?
False
Let w = -105112 - -168849. Is w prime?
True
Suppose -33*r + 37*r = 36. Suppose 13*c - 18*c + 2*t = -5511, 3*t + r = 0. Is c prime?
False
Suppose -432 = -4*d - 4*d. Let p be 18/((d/908)/9). Suppose -p - 3581 = -5*l. Is l a composite number?
True
Let h = 132 - 173. Let w be -66*(-2)/12*-10. Let p = h - w. Is p a composite number?
True
Let z be ((-16)/(-8))/((-2)/(-3)) + -5109. Let s = 11085 + z. Is s a prime number?
False
Suppose 28 = 4*f + 4. Let o be (-9)/f + 78/4. Suppose 4*p - 58 = -o. Is p a composite number?
True
Suppose -j = -0*j + 3*r - 2638, 3*r = 3*j - 7974. Suppose -j = -7*y + 2170. Is y composite?
True
Suppose 5*a - 5475 = -19705. Let r = a + 5295. Is r a composite number?
True
Suppose 0 = 3*z - f - 58500, -5*z + 51457 = -5*f - 46033. Suppose 5*h = -4*l + 3*h + 15602, -5*l - 4*h + z = 0. Is l composite?
True
Let x(g) = -35*g**2 - 6*g - 12. Let r be x(-5). Let j = r + 1257. Let h = j + -215. Is h a prime number?
False
Let o be 5*(0 - 4/(-10)). Suppose -4 = 5*v - 3*x + 3, -v + o*x = 0. Let z(c) = -36*c**3 + c**2 - 1. Is z(v) composite?
True
Let v be (-3 - (2 - 4))*-5. Let g = v - 2. Suppose 6510 = g*o + 51. Is o composite?
False
Suppose 9*c - 25 = 11. Suppose -3*r + 18 = 3, 0 = -c*q + 2*r + 5898. Suppose -6*j + q = -5*j. Is j a prime number?
False
Let h = 1078 - 1802. Let l = -1921 - -719. Let q = h - l. Is q a composite number?
True
Suppose 39*q - 105904 - 159550 = 840703. Is q prime?
False
Let y(i) = -3*i**2 + 7*i + 45. Let d be y(-9). Let z = 394 - 74. Let s = z - d. Is s a prime number?
False
Let k be 2*4 - (-6)/(-48)*0. Is (-5)/(100/(-105465)) + (-2)/k composi